{"id":2146,"date":"2024-10-10T09:55:02","date_gmt":"2024-10-10T07:55:02","guid":{"rendered":"https:\/\/sosracismemoselle.org\/?page_id=2146"},"modified":"2025-05-28T14:47:02","modified_gmt":"2025-05-28T12:47:02","slug":"projets","status":"publish","type":"page","link":"https:\/\/sosracismemoselle.org\/index.php\/projets\/","title":{"rendered":"Projets"},"content":{"rendered":"<div class=\"fusion-fullwidth fullwidth-box fusion-builder-row-1 fusion-flex-container has-pattern-background has-mask-background nonhundred-percent-fullwidth non-hundred-percent-height-scrolling\" style=\"--awb-border-radius-top-left:0px;--awb-border-radius-top-right:0px;--awb-border-radius-bottom-right:0px;--awb-border-radius-bottom-left:0px;--awb-flex-wrap:wrap;\" ><div class=\"fusion-builder-row fusion-row fusion-flex-align-items-flex-start fusion-flex-content-wrap\" style=\"max-width:1123.2px;margin-left: calc(-4% \/ 2 );margin-right: calc(-4% \/ 2 );\"><div class=\"fusion-layout-column fusion_builder_column fusion-builder-column-0 fusion_builder_column_1_1 1_1 fusion-flex-column\" style=\"--awb-bg-size:cover;--awb-width-large:100%;--awb-margin-top-large:0px;--awb-spacing-right-large:1.92%;--awb-margin-bottom-large:20px;--awb-spacing-left-large:1.92%;--awb-width-medium:100%;--awb-order-medium:0;--awb-spacing-right-medium:1.92%;--awb-spacing-left-medium:1.92%;--awb-width-small:100%;--awb-order-small:0;--awb-spacing-right-small:1.92%;--awb-spacing-left-small:1.92%;\"><div class=\"fusion-column-wrapper fusion-column-has-shadow fusion-flex-justify-content-flex-start fusion-content-layout-column\"><div class=\"fusion-recent-posts fusion-recent-posts-1 avada-container layout-default layout-columns-1\"><section class=\"fusion-columns columns fusion-columns-1 columns-1\"><article class=\"post fusion-column column col col-lg-12 col-md-12 col-sm-12\"><div class=\"fusion-flexslider fusion-flexslider-loading flexslider flexslider-hover-type-none\"><ul class=\"slides\"><li><a href=\"https:\/\/sosracismemoselle.org\/index.php\/2024\/10\/19\/projet-1-cloned\/\" aria-label=\"Salam Shalom Salut\u00a0\" class=\"hover-type-none\"><img decoding=\"async\" width=\"700\" height=\"441\" src=\"https:\/\/sosracismemoselle.org\/wp-content\/uploads\/2024\/10\/Salam-Shalom-Salut-700x441.jpg\" class=\"attachment-recent-posts size-recent-posts\" alt=\"salam Shalom Salut\" srcset=\"https:\/\/sosracismemoselle.org\/wp-content\/uploads\/2024\/10\/Salam-Shalom-Salut-320x202.jpg 320w, https:\/\/sosracismemoselle.org\/wp-content\/uploads\/2024\/10\/Salam-Shalom-Salut-700x441.jpg 700w\" sizes=\"(max-width: 700px) 100vw, 700px\" \/><\/a><\/li><\/ul><\/div><div class=\"recent-posts-content\"><span class=\"vcard\" style=\"display: none;\"><span class=\"fn\"><a href=\"https:\/\/sosracismemoselle.org\/index.php\/author\/jr\/\" title=\"Posts by JR\" rel=\"author\">JR<\/a><\/span><\/span><span class=\"updated\" style=\"display:none;\">2025-05-28T14:42:36+02:00<\/span><h4 class=\"entry-title\"><a href=\"https:\/\/sosracismemoselle.org\/index.php\/2024\/10\/19\/projet-1-cloned\/\">Salam Shalom Salut\u00a0<\/a><\/h4><p class=\"meta\"><span class=\"vcard\" style=\"display: none;\"><span class=\"fn\"><a href=\"https:\/\/sosracismemoselle.org\/index.php\/author\/jr\/\" title=\"Posts by JR\" rel=\"author\">JR<\/a><\/span><\/span><span class=\"updated\" style=\"display:none;\">2025-05-28T14:42:36+02:00<\/span><span>19 October 2024<\/span><span class=\"fusion-inline-sep\">|<\/span><span class=\"fusion-comments\"><a href=\"https:\/\/sosracismemoselle.org\/index.php\/2024\/10\/19\/projet-1-cloned\/#respond\">0 Comments<\/a><\/span><\/p><p> \u00ab\u00a0Salam Shalom Salut\u00a0\u00bb, ce sont des jeunes, Juifs et Arabes, qui partiront \u00e0 la rencontre de leurs concitoyens afin d\u2019exprimer leur volont\u00e9 de vivre ensemble et de lutter c\u00f4te \u00e0 c\u00f4te contre le racisme [...]<\/p><\/div><\/article><article class=\"post fusion-column column col col-lg-12 col-md-12 col-sm-12\"><div class=\"fusion-flexslider fusion-flexslider-loading flexslider flexslider-hover-type-none\"><ul class=\"slides\"><li><a href=\"https:\/\/sosracismemoselle.org\/index.php\/2024\/10\/17\/projet-1\/\" aria-label=\"Festival UniVers\" class=\"hover-type-none\"><img decoding=\"async\" width=\"662\" height=\"441\" src=\"https:\/\/sosracismemoselle.org\/wp-content\/uploads\/2024\/10\/AdobeStock_932679313.jpeg\" class=\"attachment-recent-posts size-recent-posts\" alt=\"\" srcset=\"https:\/\/sosracismemoselle.org\/wp-content\/uploads\/2024\/10\/AdobeStock_932679313-175x117.jpeg 175w, https:\/\/sosracismemoselle.org\/wp-content\/uploads\/2024\/10\/AdobeStock_932679313-300x200.jpeg 300w, https:\/\/sosracismemoselle.org\/wp-content\/uploads\/2024\/10\/AdobeStock_932679313-768x512.jpeg 768w, https:\/\/sosracismemoselle.org\/wp-content\/uploads\/2024\/10\/AdobeStock_932679313-1024x682.jpeg 1024w, https:\/\/sosracismemoselle.org\/wp-content\/uploads\/2024\/10\/AdobeStock_932679313.jpeg 1280w\" sizes=\"(max-width: 662px) 100vw, 662px\" \/><\/a><\/li><\/ul><\/div><div class=\"recent-posts-content\"><span class=\"vcard\" style=\"display: none;\"><span class=\"fn\"><a href=\"https:\/\/sosracismemoselle.org\/index.php\/author\/nicolas\/\" title=\"Posts by Nicolas\" rel=\"author\">Nicolas<\/a><\/span><\/span><span class=\"updated\" style=\"display:none;\">2025-08-27T18:47:14+02:00<\/span><h4 class=\"entry-title\"><a href=\"https:\/\/sosracismemoselle.org\/index.php\/2024\/10\/17\/projet-1\/\">Festival UniVers<\/a><\/h4><p class=\"meta\"><span class=\"vcard\" style=\"display: none;\"><span class=\"fn\"><a href=\"https:\/\/sosracismemoselle.org\/index.php\/author\/nicolas\/\" title=\"Posts by Nicolas\" rel=\"author\">Nicolas<\/a><\/span><\/span><span class=\"updated\" style=\"display:none;\">2025-08-27T18:47:14+02:00<\/span><span>17 October 2024<\/span><span class=\"fusion-inline-sep\">|<\/span><span class=\"fusion-comments\"><a href=\"https:\/\/sosracismemoselle.org\/index.php\/2024\/10\/17\/projet-1\/#respond\">0 Comments<\/a><\/span><\/p><p> \u00c9GALIT\u00c9 - ADELPHIT\u00c9 - DIVERSIT\u00c9  Festival UniVers 2025 : C\u00e9l\u00e9brons l\u2019\u00c9galit\u00e9, la Adelphit\u00e9 et la Diversit\u00e9 Nous sommes ravis de vous annoncer le Festival UniVers 2025, un \u00e9v\u00e9nement incontournable qui se d\u00e9roulera du [...]<\/p><\/div><\/article><\/section><\/div><\/div><\/div><\/div><\/div>\n","protected":false},"excerpt":{"rendered":"","protected":false},"author":5,"featured_media":0,"parent":0,"menu_order":0,"comment_status":"closed","ping_status":"closed","template":"100-width.php","meta":{"footnotes":""},"class_list":["post-2146","page","type-page","status-publish","hentry"],"aioseo_notices":[],"_links":{"self":[{"href":"https:\/\/sosracismemoselle.org\/index.php\/wp-json\/wp\/v2\/pages\/2146","targetHints":{"allow":["GET"]}}],"collection":[{"href":"https:\/\/sosracismemoselle.org\/index.php\/wp-json\/wp\/v2\/pages"}],"about":[{"href":"https:\/\/sosracismemoselle.org\/index.php\/wp-json\/wp\/v2\/types\/page"}],"author":[{"embeddable":true,"href":"https:\/\/sosracismemoselle.org\/index.php\/wp-json\/wp\/v2\/users\/5"}],"replies":[{"embeddable":true,"href":"https:\/\/sosracismemoselle.org\/index.php\/wp-json\/wp\/v2\/comments?post=2146"}],"version-history":[{"count":4,"href":"https:\/\/sosracismemoselle.org\/index.php\/wp-json\/wp\/v2\/pages\/2146\/revisions"}],"predecessor-version":[{"id":2339,"href":"https:\/\/sosracismemoselle.org\/index.php\/wp-json\/wp\/v2\/pages\/2146\/revisions\/2339"}],"wp:attachment":[{"href":"https:\/\/sosracismemoselle.org\/index.php\/wp-json\/wp\/v2\/media?parent=2146"}],"curies":[{"name":"wp","href":"https:\/\/api.w.org\/{rel}","templated":true}]}}

<div class="fusion-fullwidth fullwidth-box fusion-builder-row-1 fusion-flex-container has-pattern-background has-mask-background nonhundred-percent-fullwidth non-hundred-percent-height-scrolling" style="--awb-border-radius-top-left:0px;--awb-border-radius-top-right:0px;--awb-border-radius-bottom-right:0px;--awb-border-radius-bottom-left:0px;--awb-flex-wrap:wrap;" ><div class="fusion-builder-row fusion-row fusion-flex-align-items-flex-start fusion-flex-content-wrap" style="max-width:1123.2px;margin-left: calc(-4% / 2 );margin-right: calc(-4% / 2 );"><div class="fusion-layout-column fusion_builder_column fusion-builder-column-0 fusion_builder_column_1_1 1_1 fusion-flex-column" style="--awb-bg-size:cover;--awb-width-large:100%;--awb-margin-top-large:0px;--awb-spacing-right-large:1.92%;--awb-margin-bottom-large:20px;--awb-spacing-left-large:1.92%;--awb-width-medium:100%;--awb-order-medium:0;--awb-spacing-right-medium:1.92%;--awb-spacing-left-medium:1.92%;--awb-width-small:100%;--awb-order-small:0;--awb-spacing-right-small:1.92%;--awb-spacing-left-small:1.92%;"><div class="fusion-column-wrapper fusion-column-has-shadow fusion-flex-justify-content-flex-start fusion-content-layout-column"><div class="fusion-recent-posts fusion-recent-posts-1 avada-container layout-default layout-columns-1"><section class="fusion-columns columns fusion-columns-1 columns-1"><article class="post fusion-column column col col-lg-12 col-md-12 col-sm-12"><div class="fusion-flexslider fusion-flexslider-loading flexslider flexslider-hover-type-none"><ul class="slides"><li><a href="https://sosracismemoselle.org/index.php/2024/10/19/projet-1-cloned/" aria-label="Salam Shalom Salut " class="hover-type-none"><img decoding="async" width="700" height="441" src="https://sosracismemoselle.org/wp-content/uploads/2024/10/Salam-Shalom-Salut-700x441.jpg" class="attachment-recent-posts size-recent-posts" alt="salam Shalom Salut" srcset="https://sosracismemoselle.org/wp-content/uploads/2024/10/Salam-Shalom-Salut-320x202.jpg 320w, https://sosracismemoselle.org/wp-content/uploads/2024/10/Salam-Shalom-Salut-700x441.jpg 700w" sizes="(max-width: 700px) 100vw, 700px" /></a></li></ul></div><div class="recent-posts-content"><span class="vcard" style="display: none;"><span class="fn"><a href="https://sosracismemoselle.org/index.php/author/jr/" title="Posts by JR" rel="author">JR</a></span></span><span class="updated" style="display:none;">2025-05-28T14:42:36+02:00</span><h4 class="entry-title"><a href="https://sosracismemoselle.org/index.php/2024/10/19/projet-1-cloned/">Salam Shalom Salut </a></h4><p class="meta"><span class="vcard" style="display: none;"><span class="fn"><a href="https://sosracismemoselle.org/index.php/author/jr/" title="Posts by JR" rel="author">JR</a></span></span><span class="updated" style="display:none;">2025-05-28T14:42:36+02:00</span><span>19 October 2024</span><span class="fusion-inline-sep">|</span><span class="fusion-comments"><a href="https://sosracismemoselle.org/index.php/2024/10/19/projet-1-cloned/#respond">0 Comments</a></span></p><p> « Salam Shalom Salut », ce sont des jeunes, Juifs et Arabes, qui partiront à la rencontre de leurs concitoyens afin d’exprimer leur volonté de vivre ensemble et de lutter côte à côte contre le racisme [...]</p></div></article><article class="post fusion-column column col col-lg-12 col-md-12 col-sm-12"><div class="fusion-flexslider fusion-flexslider-loading flexslider flexslider-hover-type-none"><ul class="slides"><li><a href="https://sosracismemoselle.org/index.php/2024/10/17/projet-1/" aria-label="Festival UniVers" class="hover-type-none"><img decoding="async" width="662" height="441" src="https://sosracismemoselle.org/wp-content/uploads/2024/10/AdobeStock_932679313.jpeg" class="attachment-recent-posts size-recent-posts" alt="" srcset="https://sosracismemoselle.org/wp-content/uploads/2024/10/AdobeStock_932679313-175x117.jpeg 175w, https://sosracismemoselle.org/wp-content/uploads/2024/10/AdobeStock_932679313-300x200.jpeg 300w, https://sosracismemoselle.org/wp-content/uploads/2024/10/AdobeStock_932679313-768x512.jpeg 768w, https://sosracismemoselle.org/wp-content/uploads/2024/10/AdobeStock_932679313-1024x682.jpeg 1024w, https://sosracismemoselle.org/wp-content/uploads/2024/10/AdobeStock_932679313.jpeg 1280w" sizes="(max-width: 662px) 100vw, 662px" /></a></li></ul></div><div class="recent-posts-content"><span class="vcard" style="display: none;"><span class="fn"><a href="https://sosracismemoselle.org/index.php/author/nicolas/" title="Posts by Nicolas" rel="author">Nicolas</a></span></span><span class="updated" style="display:none;">2025-08-27T18:47:14+02:00</span><h4 class="entry-title"><a href="https://sosracismemoselle.org/index.php/2024/10/17/projet-1/">Festival UniVers</a></h4><p class="meta"><span class="vcard" style="display: none;"><span class="fn"><a href="https://sosracismemoselle.org/index.php/author/nicolas/" title="Posts by Nicolas" rel="author">Nicolas</a></span></span><span class="updated" style="display:none;">2025-08-27T18:47:14+02:00</span><span>17 October 2024</span><span class="fusion-inline-sep">|</span><span class="fusion-comments"><a href="https://sosracismemoselle.org/index.php/2024/10/17/projet-1/#respond">0 Comments</a></span></p><p> ÉGALITÉ - ADELPHITÉ - DIVERSITÉ  Festival UniVers 2025 : Célébrons l’Égalité, la Adelphité et la Diversité Nous sommes ravis de vous annoncer le Festival UniVers 2025, un événement incontournable qui se déroulera du [...]</p></div></article></section></div></div></div></div></div>
